
Convert -130301 (base 5) to base 10.
-5076
-1214001 (base 6) to base 11
-443a8
Convert 314420 (base 5) to base 2.
10100101110010
-472 (base 8) to base 11
-266
2003100 (base 4) to base 6
102520
Convert -1920 (base 10) to base 4.
-132000
-233b (base 12) to base 5
-111220
272 (base 15) to base 9
678
What is 120201 (base 3) in base 10?
424
200220 (base 6) to base 11
10825
Convert 2221 (base 4) to base 5.
1134
a74 (base 14) to base 8
4016
What is 111020121 (base 3) in base 8?
22667
What is 103122 (base 4) in base 12?
876
-7859 (base 15) to base 7
-134241
What is 762 (base 10) in base 7?
2136
What is -518 (base 15) in base 5?
-14043
What is -6607 (base 11) in base 9?
-12857
-1571 (base 12) to base 3
-10110211
What is 2102103 (base 4) in base 13?
4353
What is 4544 (base 6) in base 8?
2060
Convert -73a0 (base 14) to base 2.
-100110111100000
What is -523 (base 7) in base 16?
-106
-83e9 (base 16) to base 13
-124a8
What is -1121050 (base 6) in base 11?
-3a034
What is -47 (base 9) in base 16?
-2b
What is 2723 (base 9) in base 3?
2210210
-11110302 (base 4) to base 10
-21810
-102420 (base 5) to base 6
-24045
Convert -100011000 (base 2) to base 14.
-160
Convert -62726 (base 8) to base 15.
-7ad0
-1c0 (base 14) to base 5
-2424
Convert -5265 (base 11) to base 12.
-4048
-1003443 (base 5) to base 15
-4b9d
Convert 1060 (base 7) to base 13.
238
331101 (base 4) to base 8
7521
Convert -d718 (base 14) to base 3.
-1212211211
What is 26 (base 15) in base 4?
210
What is 19e2 (base 15) in base 9?
7625
What is -13105 (base 7) in base 5?
-102414
132223 (base 4) to base 6
13031
-153505 (base 6) to base 10
-15089
Convert 112 (base 12) to base 14.
b4
What is -a4b (base 16) in base 9?
-3547
-455 (base 10) to base 3
-121212
What is -32573 (base 8) in base 9?
-20702
What is -12cb (base 13) in base 15?
-c02
Convert -100110001100 (base 2) to base 16.
-98c
What is 166 (base 13) in base 16?
fd
5244 (base 6) to base 14
604
Convert -11413 (base 6) to base 3.
-2021200
Convert -75 (base 11) to base 6.
-214
What is -11100110100101 (base 2) in base 12?
-8659
What is -4a (base 12) in base 9?
-64
-b25 (base 13) to base 2
-11101100010
What is 109 (base 15) in base 10?
234
What is 20815 (base 13) in base 12?
29a24
Convert -40324 (base 8) to base 7.
-66246
Convert 120652 (base 7) to base 2.
101010110110100
What is 761 (base 10) in base 12?
535
15504 (base 9) to base 7
42643
Convert -5806 (base 9) to base 10.
-4299
-1356 (base 8) to base 5
-11000
What is 11d (base 14) in base 15?
ed
Convert -1362 (base 7) to base 3.
-201210
What is -2 (base 9) in base 6?
-2
Convert -1061 (base 7) to base 6.
-1442
299 (base 16) to base 7
1640
What is -22230 (base 5) in base 6?
-11125
What is 15450 (base 6) in base 4?
213312
Convert -419 (base 11) to base 15.
-239
Convert 602 (base 13) to base 14.
528
Convert 462 (base 13) to base 10.
756
What is 20043 (base 11) in base 13?
10471
-376 (base 15) to base 12
-556
8823 (base 12) to base 8
35233
Convert -91ba (base 12) to base 13.
-7294
1332 (base 6) to base 13
206
Convert 203 (base 6) to base 3.
2210
-17c3 (base 16) to base 7
-23510
What is -3442 (base 6) in base 2?
-1100110010
4b2 (base 12) to base 11
596
33b0 (base 16) to base 12
77a8
Convert -1423 (base 6) to base 9.
-456
23101 (base 5) to base 11
1271
1c06 (base 14) to base 16
13ee
-21016 (base 11) to base 3
-1120000110
-2503 (base 11) to base 16
-cc6
Convert 432324 (base 6) to base 12.
186a4
What is -c4d3 (base 14) in base 15?
-a09c
What is 9a6 (base 11) in base 4?
102311
Convert -110110 (base 2) to base 7.
-105
717 (base 9) to base 15
28d
Convert -220222001 (base 3) to base 16.
-4717
What is 8b5 (base 12) in base 16?
509
Convert -34242 (base 7) to base 9.
-12840
What is 3433 (base 5) in base 4?
13231
What is 221101 (base 4) in base 7?
10462
-210220 (base 3) to base 9
-726
Convert 341 (base 10) to base 9.
418
-124251 (base 7) to base 3
-1011201010
What is c5b (base 13) in base 11?
1643
Convert 1186 (base 10) to base 14.
60a
What is 1100001111000111 (base 2) in base 6?
1024011
1322131 (base 4) to base 12
4651
Convert 20000112 (base 3) to base 10.
4388
Convert 43 (base 7) to base 10.
31
-2377 (base 14) to base 2
-1100000100101
What is -9c (base 16) in base 13?
-c0
What is 110021 (base 3) in base 2?
101001011
1201020202 (base 3) to base 5
2034331
What is -15423 (base 6) in base 9?
-3426
What is 101051 (base 6) in base 3?
102000011
What is -636 (base 9) in base 11?
-432
122122201 (base 3) to base 16
3247
137 (base 11) to base 5
1121
Convert -3946 (base 11) to base 13.
-244a
What is 1439 (base 12) in base 9?
3200
What is -1712 (base 8) in base 7?
-2554
Convert -12113100 (base 4) to base 5.
-1313224
1120441 (base 5) to base 4
10322121
What is 12000002 (base 3) in base 15?
1132
-10101000 (base 2) to base 15
-b3
Convert 264 (base 7) to base 6.
400
Convert -10011011011000 (base 2) to base 4.
-2123120
What is -587 (base 9) in base 15?
-224
What is d2dc (base 15) in base 9?
67070
101001001 (base 2) to base 14
197
What is -5b5 (base 15) in base 9?
-1688
What is 751 (base 8) in base 6?
2133
Convert -1000 (base 7) to base 14.
-1a7
1229 (base 11) to base 7
4451
-101023 (base 4) to base 13
-667
What is -2b8d (base 14) in base 10?
-7769
What is -77642 (base 10) in base 3?
-10221111122
Convert -20d (base 14) to base 3.
-120000
Convert 11653 (base 11) to base 10.
16756
Convert 3654 (base 10) to base 5.
104104
Convert 101004 (base 5) to base 6.
23022
-5004 (base 10) to base 8
-11614
What is -13952 (base 12) in base 15?
-8138
21122101 (base 3) to base 13
26c8
245 (base 6) to base 4
1211
What is -335 (base 14) in base 4?
-21323
Convert -36db (base 15) to base 3.
-121000122
-112001 (base 3) to base 4
-11323
What is -2 (base 11) in base 8?
-2
Convert -20331 (base 4) to base 14.
-2cd
Convert -26184 (base 9) to base 14.
-660d
1d2a (base 15) to base 6
45204
Convert -164 (base 7) to base 15.
-65
Convert -374 (base 9) to base 2.
-100110110
Convert -121112 (base 5) to base 12.
-2758
What is -120 (base 10) in base 2?
-1111000
What is 111201 (base 3) in base 16?
172
Convert -d1d (base 15) to base 14.
-110d
What is 551 (base 11) in base 8?
1225
1102001 (base 3) to base 5
13102
What is 200212 (base 6) in base 13?
7166
Convert 742 (base 15) to base 6.
11325
10011111000 (base 2) to base 11
a57
What is -155262 (base 8) in base 13?
-1c638
What is -103012 (base 5) in base 9?
-4726
Convert 423 (base 5) to base 6.
305
Convert 461 (base 8) to base 12.
215
-1123120 (base 4) to base 3
-22000121
Convert -100111 (base 2) to base 9.
-43
3675 (base 9) to base 4
222311
-267 (base 15) to base 3
-202021
-230330 (base 5) to base 4
-2000113
-4467 (base 15) to base 3
-201212221
13a (base 11) to base 16
a4
-20213101 (base 4) to base 6
-431201
-303 (base 12) to base 15
-1e0
Convert 9327 (base 12) to base 7.
64456
What is db (base 16) in base 6?
1003
Convert 2629 (base 11) to base 7.
12653
Convert 5159 (base 10) to base 15.
17de
Convert 124626 (base 7) to base 2.
101101011111111
What is 2201 (base 8) in base 15?
51d
407 (base 16) to base 12
71b
What is 1000110110000010 (base 2) in base 16?
8d82
Convert 1a9 (base 12) to base 16.
111
Convert -354 (base 13) to base 3.
-210100
45260 (base 7) to base 6
125015
Convert 246225 (base 7) to base 3.
2022021020
What is 100111000001110 (base 2) in base 7?
112154
Convert 2353 (base 7) to base 3.
1012021
-c443 (base 15) to base 11
-29174
Convert -766 (base 11) to base 7.
-2452
What is -212201 (base 3) in base 4?
-22000
433031 (base 6) to base 12
18777
-841 (base 12) to base 13
-715
-656 (base 9) to base 16
-219
What is -102322 (base 4) in base 5?
-14320
What is -d33 (base 16) in base 2?
-110100110011
Convert 102430 (base 5) to base 7.
13114
1606 (base 7) to base 6
2551
677 (base 15) to base 2
10110110110
What is 20414 (base 7) in base 4?
1032101
Convert 2a0 (base 12) to base 6.
1520
-5145 (base 8) to base 16
-a65
Convert -3043 (base 6) to base 14.
-363
76aa (base 12) to base 7
53110
5506 (base 9) to base 11
3058
What is -298 (base 12) in base 10?
-404
What is b6 (base 15) in base 16?
ab
Convert 6da (base 14) to base 2.
10101011000
What is -1024 (base 9) in base 14?
-3b9
Convert 750 (base 10) to base 6.
3250
-2057 (base 9) to base 16
-5e6
Convert -42404 (base 7) to base 4.
-2203322
Convert -139 (base 13) to base 9.
-261
What is 